ue
Let f(q) be the second derivative of -9*q**5/20 - q**4/2 - q**3/2 + q**2/2 - 38*q. Is f(-4) a composite number?
True
Suppose -9*c + 33800 = -112711. Is c composite?
True
Let f(b) be the first derivative of 9*b**2/2 - 16*b - 3. Let u be f(11). Suppose -2*y + 135 = -u. Is y a composite number?
False
Let s = 1219 - 384. Let a = -294 + s. Is a composite?
False
Let q be (-6)/(-2) - (11 - -1). Let x(l) = -2*l**2 - 12*l + 5. Let s be x(q). Let v = s + 107. Is v a composite number?
True
Suppose 4*a - 109 - 3271 = 0. Let p = 13 + a. Let c = -591 + p. Is c composite?
True
Suppose 39*u - 36*u - 23707 = -4*a, -2*a + u = -11841. Is a a composite number?
False
Suppose -2*n - 9 + 4 = -i, 0 = 3*i + 3*n + 21. Let r(w) = -26*w**3 + w**2 - 8*w + 2. Is r(i) composite?
True
Suppose -18 = -2*w + 3*z, -3*w + 4*z - 5 = -30. Let r(n) = 109*n**2 - 2*n + 8. Is r(w) composite?
False
Let z = -21 + 29. Suppose -2*u + 2*y + z = 2, u - 18 = 4*y. Is (-296)/u + 6/(-2) a composite number?
True
Let d(x) = 5*x - 3. Let h(i) = -14*i + 8. Let n(q) = 17*d(q) + 6*h(q). Let c be n(2). Let v(g) = 3*g**2 + g + 1. Is v(c) composite?
False
Let z = 470 - 853. Let o = -256 - z. Is o a prime number?
True
Suppose -26725 = 15*b - 528940. Is b prime?
False
Suppose 2*j + 5395 = -3*j. Let z = -1190 - -752. Let x = z - j. Is x a prime number?
True
Is (-2 - (1946 + 0))*(-21)/84 a composite number?
False
Let h = -186 - -2129. Is h a prime number?
False
Suppose 23 = 6*s - s - f, 0 = -4*s + 5*f + 31. Suppose -6*g + 2110 = s*g. Is g a composite number?
False
Suppose 15*w = 11*w + 12. Suppose 0 = -9*d + w*d + 618. Is d composite?
False
Suppose 0 = -189*j + 112*j + 9100091. Is j composite?
True
Let y(x) = 8*x**3 + 8*x**2 + 72*x + 19. Is y(12) prime?
True
Let l = 10923 - -17272. Is l a composite number?
True
Let w(d) = 256*d**2 - d + 2. Suppose -f - 4 = -3*l + 4*l, 4*f + 17 = -3*l. Is w(l) composite?
False
Suppose 0*a - 215 = 5*a - 5*d, a - 5*d = -31. Suppose -2*t = -4*g - 182, 0 = -0*t + 4*t + g - 391. Let r = t + a. Is r a composite number?
True
Let n = 1 - -9. Suppose 0 = 2*y - n, 4*h = 3*h + 5*y + 1332. Is h a composite number?
True
Let j(x) = -x**3 + 2*x + 1189. Is j(0) prime?
False
Suppose 0 = -3*z - 5*c + 27, -5*z + 7*z - 18 = 3*c. Suppose -q - 3*p = -0*p - z, -3*q = p - 59. Is q composite?
True
Let s = -15553 - -23452. Is s a composite number?
True
Suppose -1506 = 60*x - 66*x. Is x composite?
False
Let r(n) = -4*n - 13. Let x be r(-3). Is 4828/24 + x/6 composite?
True
Suppose 2*t + 2*t + 2*c + 174 = 0, -57 = 2*t - 5*c. Let z = t - -78. Is z composite?
False
Suppose 3*c = -c + 12. Suppose c*h + 2 = -3*n + 4*h, -5*h = -n + 4. Is 379 - ((n - -1) + 0) composite?
False
Let d be (12/(-18))/((-2)/3). Is 4840/(d + 3) - -1 a composite number?
True
Let c(z) = -2*z**3 - 21*z**2 - 5*z + 49. Is c(-15) a prime number?
False
Let s = 2172 - -18. Let p = s + -4797. Is p/(-55) - 2/5 composite?
False
Let g = -2240 - -3548. Let b = -488 + g. Suppose 407 = x + 3*s, 3*s = 2*x - b - 12. Is x a composite number?
True
Let w(c) = -39*c**3 + 5*c - 1. Let i be w(-3). Suppose -11*g + 2340 + i = 0. Is g a prime number?
True
Is 18268 - 3/3 - -2 a prime number?
True
Let m = -46 + 448. Let h = m + -179. Is h composite?
False
Let a = 426 + 15085. Is a a prime number?
True
Let l(x) = 643*x**2 + 32*x - 7. Is l(2) composite?
True
Suppose 5*k - 46080 = -5*l, 3*l = 3*k + 8*l - 27646. Is k composite?
True
Suppose 2*a = 4*l - 7074, -1751 = 3*l - 4*l - 3*a. Suppose 4*x - l = -2*o, o - 2175 = -5*x + 5*o. Is x prime?
True
Let h be (-6)/(-6)*4/2. Let p = -544 + 774. Suppose 3*b = h*d + 175, 4*b - 2*d = -d + p. Is b composite?
True
Suppose -2*g - 15804 = -2*y, 5*y - 19401 - 20112 = 2*g. Is y prime?
False
Suppose 160*f = 171*f - 207449. Is f composite?
False
Suppose -r + 415 = 2*t - 1724, r + t - 2144 = 0. Is r a composite number?
True
Suppose -137*c = -143*c + 42. Suppose 2*o + s - 220 - 2188 = 0, 0 = -4*o - 4*s + 4808. Suppose -f + c*f - o = 0. Is f prime?
False
Suppose 3*k - 9 = 5*n + k, 3*n + 24 = -5*k. Let t(y) = 142*y + 3. Let g(i) = -283*i - 7. Let d(c) = -6*g(c) - 13*t(c). Is d(n) a composite number?
True
Let n(g) = -g**3 - 2*g**2 + 2*g - 7. Let f be n(-7). Let i = f + -67. Is i a composite number?
False
Let o be ((-2)/(-5))/((-6)/(-15)). Is (-157)/(-3 + 1 + o) prime?
True
Let g = -4530 - -14465. Is g prime?
False
Is ((-6)/((-48)/115844))/((-1)/(-2)) composite?
False
Let o be (-1)/((-1)/1) - -4. Suppose 8*x = -11*x. Suppose o*f - 1027 - 1318 = x. Is f a prime number?
False
Suppose 5*y + 4*p - 916 = 7401, -5*y = 5*p - 8320. Suppose 5*k - y = -586. Is k a composite number?
True
Let p(v) = -35*v - 22. Let j be p(-7). Suppose -5*c + j = -3*r - 435, 2*r - 129 = -c. Is c prime?
True
Let s = 12 - 7. Suppose 3 + 7 = -s*o, p + 3*o = 781. Is p composite?
False
Let l(m) = 6*m**3 - 8*m**2 + 5*m + 6. Is l(5) a prime number?
False
Let l be -1 + 0 - (-9)/3. Suppose 0 = -2*a - l + 6. Suppose 3*p - 200 = -w, a*w + 0*p - 355 = 3*p. Is w a composite number?
True
Let b = -16574 - -28261. Is (-1)/2 - (b/2)/(-13) a composite number?
False
Let u = -6784 - -10034. Suppose 2*y + 2*t - u = 0, 3*y - y - 2*t = 3234. Is y prime?
True
Let c = 3245 + 854. Is c composite?
False
Let y(m) = -m - 3. Let b = -8 + 8. Let f be y(b). Is (-113)/f - 18/27 a prime number?
True
Suppose 4*g + 0*k - 336168 = -4*k, -20 = 4*k. Is g composite?
False
Suppose 0 = -k - 2*k + 24. Suppose 3*s + 2245 = k*s. Is s composite?
False
Is (-8)/132 - 4176232/(-264) composite?
True
Suppose -3*h + o = -13, 0 = -3*o - 0*o + 6. Suppose 4*d - 3*l = 625, 168 - 950 = -h*d + 3*l. Is d a composite number?
False
Let o(m) = -m**3 + 4*m**2 + 7*m + 1. Let s be o(5). Let l(q) = -3*q**2 + q + 4*q**2 + 0 + s - 2*q. Is l(8) a prime number?
True
Let i(g) = 11919*g + 38. Is i(7) a prime number?
True
Suppose 2*n = 3302 + 866. Suppose -3*p + c = -n, 0 = 3*p - 4*p - 4*c + 686. Suppose w - p = -w. Is w a composite number?
False
Suppose 0 = -2*g + 4*g + 8. Let j be (-5)/(-20) + (-7)/g. Suppose -27 - 11 = -j*a. Is a a prime number?
True
Let s = 213 + -128. Is s composite?
True
Suppose -24*c + 258 = 4*x - 25*c, -x + 63 = -c. Is x composite?
True
Suppose 1289 = m - 4*w, -11*w = -4*m - 12*w + 5105. Is m prime?
True
Suppose 0*l - 3*p = -l + 389, -3*l + 1173 = -3*p. Suppose 0 = 3*z - 3*y - 228, z + 56 = 2*z + 3*y. Let k = l - z. Is k prime?
False
Suppose -15*p = -3*m - 13*p + 605, 3*p = -3*m + 615. Is m prime?
False
Let z(v) = v**3 - 6*v**2 + 6*v - 4. Let j be z(5). Suppose j - 49 = 4*o. Is o/30 + 52/5 a composite number?
True
Let f = -16370 + 37141. Is f prime?
True
Let t = 937 + -632. Let b = -63 - -37. Let x = t - b. Is x a composite number?
False
Let q = 324 + -134. Let j = 495 - q. Is j a prime number?
False
Suppose 0 = 4*u - 3 - 9. Suppose u*l - 20 = -8. Let x = 55 - l. Is x composite?
True
Suppose -4*u + 12758 = 2*g, -8*g + 2*u = -6*g - 12782. Is g prime?
False
Let h = -16816 - -32357. Is h a composite number?
False
Suppose 3*n + 6 = 3*j - 0, -5*j + 18 = 3*n. Suppose 15 = 5*a - w, -4*w = j*a - w - 9. Let h(k) = 4*k**3 + 3*k**2 + 2*k + 4. Is h(a) prime?
False
Let i(q) = 307*q - 4. Let j be i(2). Let a = j - 213. Is a composite?
False
Let t(k) = 134*k**2 + 2*k + 19. Is t(-5) a prime number?
True
Suppose 335 = -6*j - 355. Let v = 1070 + j. Suppose -v = p - 6*p. Is p a prime number?
True
Let s = -24 + 23. Is s - 3/3 - -259 composite?
False
Let z be (693/(-18))/(3/42). Is z/(-4) + (-9)/12 a prime number?
False
Suppose h + 5*x = 2*x + 8, -3*h = -3*x. Suppose -h*z - 1156 = -4*g, z - 1406 = -4*g - 262. Is g a prime number?
False
Suppose 27186 = o + 5*p, -4*o + 0*o = -4*p - 108864. Is o composite?
False
Is 298*(-3 - -7) - (-35)/(-7) prime?
True
Let x = 368 - 167. Let b = 355 - x. Suppose -3*o = b - 409. Is o prime?
False
Suppose -24302 = -168*r + 166*r. Is r prime?
False
Suppose -z + 2 = -3*m, 3 = -z - 3*m + 5. Let c be 1*((z - -4) + -3). Is c*((-507)/(-9) - 2) composite?
False
Let y be ((-5)/(-5) - 5) + 39. Let x = y + -22. Is x a composite number?
False
Suppose 0 = v - 5 + 2. Suppose 0 = v*k + k + 4. Is 74 - (-2 - 1)*k a composite number?
False
Let g(k) = 382*k**2 + 11*k + 7. Is g(-2) a composite number?
True
Suppose -2*t + y + 40 = -5*t, 4*t - 5*y = -66. Is t*1527/(-6) + 3 + -5 prime?
False
Let k be (-2 - -3)*-3 + 3.